{"id":2035,"date":"2026-04-09T17:30:27","date_gmt":"2026-04-09T20:30:27","guid":{"rendered":"https:\/\/www.tododescuento.cl\/web\/?post_type=product&#038;p=2035"},"modified":"2026-04-10T15:33:04","modified_gmt":"2026-04-10T18:33:04","slug":"maserati-gran-cabrio","status":"publish","type":"product","link":"https:\/\/www.tododescuento.cl\/web\/product\/maserati-gran-cabrio\/","title":{"rendered":"Auto El\u00e9ctrico Maserati Gran Cabrio"},"content":{"rendered":"","protected":false},"excerpt":{"rendered":"<p><span data-subtree=\"aimfl\" data-processed=\"true\">El\u00a0<\/span><strong class=\"Yjhzub\" data-sfc-root=\"c\" data-sfc-cb=\"\" data-complete=\"true\" data-processed=\"true\">Maserati GranCabrio 12V<\/strong>\u00a0para ni\u00f1os es un veh\u00edculo con licencia oficial que combina la elegancia del dise\u00f1o italiano con la seguridad necesaria para los m\u00e1s peque\u00f1os conductores.<\/p>\n","protected":false},"featured_media":2036,"comment_status":"open","ping_status":"closed","template":"","meta":{"_joinchat":[]},"product_brand":[],"product_cat":[196,63],"product_tag":[],"class_list":{"0":"post-2035","1":"product","2":"type-product","3":"status-publish","4":"has-post-thumbnail","6":"product_cat-electricos","7":"product_cat-juguetes","9":"first","10":"instock","11":"taxable","12":"shipping-taxable","13":"purchasable","14":"product-type-variable"},"jetpack_sharing_enabled":true,"_links":{"self":[{"href":"https:\/\/www.tododescuento.cl\/web\/wp-json\/wp\/v2\/product\/2035","targetHints":{"allow":["GET"]}}],"collection":[{"href":"https:\/\/www.tododescuento.cl\/web\/wp-json\/wp\/v2\/product"}],"about":[{"href":"https:\/\/www.tododescuento.cl\/web\/wp-json\/wp\/v2\/types\/product"}],"replies":[{"embeddable":true,"href":"https:\/\/www.tododescuento.cl\/web\/wp-json\/wp\/v2\/comments?post=2035"}],"wp:featuredmedia":[{"embeddable":true,"href":"https:\/\/www.tododescuento.cl\/web\/wp-json\/wp\/v2\/media\/2036"}],"wp:attachment":[{"href":"https:\/\/www.tododescuento.cl\/web\/wp-json\/wp\/v2\/media?parent=2035"}],"wp:term":[{"taxonomy":"product_brand","embeddable":true,"href":"https:\/\/www.tododescuento.cl\/web\/wp-json\/wp\/v2\/product_brand?post=2035"},{"taxonomy":"product_cat","embeddable":true,"href":"https:\/\/www.tododescuento.cl\/web\/wp-json\/wp\/v2\/product_cat?post=2035"},{"taxonomy":"product_tag","embeddable":true,"href":"https:\/\/www.tododescuento.cl\/web\/wp-json\/wp\/v2\/product_tag?post=2035"}],"curies":[{"name":"wp","href":"https:\/\/api.w.org\/{rel}","templated":true}]}}